 Let q be (a/9)/(8/(-12)). List the prime factors of ((-4)/((-16)/(-244)))/q.
61
Let g(b) be the first derivative of -1/3*b**3 - 4*b**2 + 5 + 3*b. List the prime factors of g(-4).
19
Let y = 3996 + -2580. What are the prime factors of y?
2, 3, 59
Let o be -2 - -13 - 0 - -1. Suppose 3*t + 4 = -5*m + 33, 4*m - 3*t = 7. Suppose -m*x + 0 = -o. What are the prime factors of x?
3
Let o = 145 - 130. Suppose 3*c - 18 + 6 = 0. Suppose 0 = c*r - o - 73. List the prime factors of r.
2, 11
Suppose -u - 1288 = -3*r - 0*u, 2*r - 837 = 5*u. What are the prime factors of r?
431
What are the prime factors of (-4)/2 - (-6732)/33?
2, 101
Let o(k) = -k**3 + 8*k**2 + 4. Let p be o(6). Suppose 0 = 5*i + r - 286, 3*i = r + 102 + p. List the prime factors of i.
2, 29
Let p(l) = -l**3 - 10*l**2 - 11*l + 4. Let v be p(-8). What are the prime factors of 2/6 + (-2832)/v?
79
Let s(r) = 4 + 3 - 3 - 2*r + 8. What are the prime factors of s(-18)?
2, 3
Suppose -3*g - 2*g = -25. Suppose -v - 3*v = 5*u - 86, 0 = -3*u + g*v + 22. Suppose c - 4*m - u = 0, 3*m + 96 = 4*c + 7*m. What are the prime factors of c?
2, 11
Suppose y + 187 = -c, 4*y - 6*c + c + 775 = 0. What are the prime factors of (-5)/(-1)*y/(-50)?
19
Let y = -264 + 282. What are the prime factors of y?
2, 3
Suppose v = 58 + 23. What are the prime factors of v?
3
Suppose 2*h - 1085 = 5*y + 626, -3*h + y = -2599. List the prime factors of h.
2, 7, 31
Let m(d) be the second derivative of -d**4/12 - 2*d**3 + 8*d**2 + 4*d. What are the prime factors of m(-12)?
2
Let i = 12 - 5. Let g(z) = -5 - 292*z + 144*z + 150*z. List the prime factors of g(i).
3
Let y = -21 - -17. What are the prime factors of 121*(y + (4 - -1))?
11
Suppose -14*n = -10*n - 44. Let m(p) = -2*p**2 + 23*p - 17. Let a(r) = -3*r**2 + 34*r - 26. Let h(w) = -5*a(w) + 8*m(w). What are the prime factors of h(n)?
3
Let z(s) = 11*s**2 - 25*s - 21. Let u be z(-11). Suppose 2*c - 3*a - 611 = 0, -a - 3*a + u = 5*c. What are the prime factors of c?
313
Suppose h + 64 = 2*w - 2*h, 3*w + h - 118 = 0. Suppose 2*n - w = 10. What are the prime factors of n?
2, 3
Let c(h) = 2*h**3 + 6*h**2 - 12*h + 2. Let r be c(5). Let g = r - 219. List the prime factors of g.
3, 41
Let w = -874 + 2036. What are the prime factors of w?
2, 7, 83
Suppose 3*c = 2*c + 2. Suppose g = 2*s - 38, -c = g - 4. List the prime factors of s.
2, 5
Let r(x) = 53*x**3 - 3*x**2 + 3*x - 1. List the prime factors of r(1).
2, 13
Let f = -118 + 124. List the prime factors of (f - 10)*79/(-2).
2, 79
Suppose 24*z - 1817 = 1495. List the prime factors of z.
2, 3, 23
What are the prime factors of (157/2)/(26/780)?
3, 5, 157
Let m(s) = 2*s**2 - 18*s + 15. Let p be m(8). What are the prime factors of -2 - ((-1)/2)/(p/(-226))?
3, 37
Let q = 48 + -40. List the prime factors of (q/(-6))/(28/(-546)).
2, 13
Let i = -10 - -11. What are the prime factors of ((-285)/(-5))/(0 + i)?
3, 19
Suppose -2*u - 13 = -u. Suppose -53 + 41 = -3*b. List the prime factors of u/(b - 4 - 1).
13
Suppose 97 = -5*y + 4*r, 2*r + 71 = -4*y + 3*r. Let o be y/((-1 - 3)/4). Let g = 23 - o. List the prime factors of g.
2, 3
Let u(q) = -3*q - 1. Let c be u(-3). Suppose -c*g + 269 = 93. What are the prime factors of g?
2, 11
What are the prime factors of (14410/(-6) - 1)/(580/(-870))?
2, 17, 53
Suppose -48 = z - 3*z. Suppose 3 = -m + u, 9 = -m + 3*u - 0*u. Let y = z - m. List the prime factors of y.
2, 3
List the prime factors of 12*(-36)/(-48) - -37.
2, 23
Let c = 140 - 138. Suppose c*d = 3*f + 6*d - 241, 4*f - 296 = d. List the prime factors of f.
3, 5
Let x(j) = -12*j - 2. Let v be x(-5). List the prime factors of 0 + (v - (3 + 1)).
2, 3
Suppose -z + 2*f + 0*f - 4 = 0, -5 = 5*z - 5*f. Suppose -z*y + 3 = -5*y, -y - 538 = -3*c. What are the prime factors of c?
179
Let g = 349 + -204. Suppose -77 - g = -3*s. What are the prime factors of s?
2, 37
Let l(h) be the third derivative of h**6/120 + 3*h**5/10 - 5*h**4/6 + h**3/2 + 2*h**2. List the prime factors of l(-19).
2, 11
Let x(q) = 2*q**3 + q**2 - 1. Let o be x(-1). Let z be 0 - (-2 - (o - -2)). Suppose -z*i + i + 43 = 0. What are the prime factors of i?
43
Suppose -8*r + 306 = 26. List the prime factors of (r + -11)/(3/4).
2
Let s = -13 + 15. Suppose -s*v = -4*v + 30. What are the prime factors of (4 + v/(-6))*6?
3
Let l be -2 + 644 + 0/3. List the prime factors of 5/(120/l)*(9 - 1).
2, 107
Suppose 0 = t - 1, -5*v - t + 28 = 2*t. Suppose -5076 = -v*p - p. List the prime factors of p/90 - (-3)/5.
2, 5
Suppose -p - 64 = -3*w + 4*w, w = -4*p - 58. Let q(a) = 4*a**2 + 5*a + 6. Let t be q(-6). Let m = w + t. What are the prime factors of m?
2, 3
Let i = 2817 - 472. What are the prime factors of i?
5, 7, 67
Let x be 18/((-3)/((-225)/(-10))). Let s = x + 314. List the prime factors of s.
179
Let v be 78/21 - (-8)/28. Suppose 0 = -3*t - v*f + 206, -3*t + 2*f + 214 = -2*f. Suppose 3*y - t = h, -4*y - 2*h + 36 + 54 = 0. What are the prime factors of y?
23
Let g(w) = 32*w**2 - 8*w - 36. List the prime factors of g(-5).
2, 3, 67
Suppose -t + 3*u = 7, 0*t + 4*u - 28 = -t. List the prime factors of 394/t + (-1)/4.
7
Suppose 0 = -4*v + 413 + 1623. What are the prime factors of v?
509
Let a(m) = 9*m + 239. List the prime factors of a(13).
2, 89
Let p be (-3 + -4)*(-2)/(-7). Let a(c) = 12*c**2 - 2*c - 4. Let o be a(p). Suppose 4*m - 8 = o. List the prime factors of m.
2, 7
Suppose 0 = -39*q + 28*q + 32472. List the prime factors of q.
2, 3, 41
Suppose 2*h = -3*s + 7, 5*s + 3 = 4*h - 22. Let d be (s - 2)*10/15. Let p(b) = -b**2 - 3*b + 1. List the prime factors of p(d).
3
Suppose -18*q + 40043 - 6527 = 0. List the prime factors of q.
2, 7, 19
Let l = -12 + 13. Suppose -4*k = -2*j + j + 14, 4*k = -5*j - 50. What are the prime factors of j/((-2)/l) + 12?
3, 5
Let l(d) = d**2 + 21*d + 30. Let s be l(-13). Let i = 140 + s. List the prime factors of i.
2, 3, 11
Let x = -8 + 18. Suppose -f - x = -70. List the prime factors of f.
2, 3, 5
Let s be (24/32)/(2/8). Suppose 0 = -4*o + 21 - 1. Suppose p = s*v - 0*v, -5*p + 40 = o*v. What are the prime factors of p?
2, 3
Suppose -11*m = -23*m - 2028. Let v = m + 348. List the prime factors of v.
179
Suppose h - 441 = -3*d - 9, -2*h + 864 = 3*d. What are the prime factors of h?
2, 3
Let v(p) = p**3 + 8*p**2 + 6*p. Suppose -3*i - 8 = 10. Let r = i - -1. What are the prime factors of v(r)?
3, 5
Let i(k) = 4*k**2 + 2*k + 4. Let h(a) = 2 + a**3 + 2 - 13*a**2 + 6 - a + 0*a. Let q be h(13). List the prime factors of i(q).
2, 17
Suppose -4*q + 150 = 3*u - 0*u, -15 = 5*q. Let m = u - 19. What are the prime factors of m?
5, 7
Suppose 58 = f - 16*g + 21*g, -g = 5*f - 194. What are the prime factors of f?
2, 19
Suppose -4*t - 4*m = -6*m - 28, 4*t + 2*m = 44. Let z = -3 + t. What are the prime factors of z/1 - -2 - -3?
11
Let j be (-1)/2 - (-19)/2. Suppose 2*b - 171 + j = 0. List the prime factors of b.
3
Suppose 3*h - 1104 = -3*p, -p - p - 3*h + 732 = 0. Suppose -5*m = -2*i - 9, -11*m + 18 = -9*m + 4*i. Suppose -3*t = m*t - p. What are the prime factors of t?
2, 31
What are the prime factors of ((-216)/(-60))/((-816)/410 + 2)?
3, 41
Let f(c) = c**3 + 10*c**2 - 4*c + 14. Let r(d) = -d**3 - d - 9. Let h be r(0). What are the prime factors of f(h)?
131
Let w be (-3)/(-5 + 2)*-83. Let u = w + 120. List the prime factors of u.
37
Let j be (-1252)/36 - 4/18. Let a = -25 - j. Suppose 6*f + 128 = a*f. What are the prime factors of f?
2
Let v(h) = -1246*h + 9. What are the prime factors of v(-1)?
5, 251
Let z = -91 + 53. Let x = 116 + z. List the prime factors of x.
2, 3, 13
Suppose -4*b = b + 3*w - 2779, -3*b + 2*w = -1656. What are the prime factors of b?
2, 277
Let k(d) = -2*d**2 - 6*d + 1. Let g(p) = -p**2 - 6*p. Let x(b) = 3*g(b) - 2*k(b). Let h be x(4). What are the prime factors of ((-16)/h)/((-1)/(-10))?
2
Let n = -171 - -430. List the prime factors of n.
7, 37
Let c(t) = t**3 + 18*t**2 + 36*t + 40. What are the prime factors of c(-15)?
5, 7
Let m(v) = -v**3 - 12*v**2 - 5*v - 77. What are the prime factors of m(-13)?
157
Suppose 8 = -4*w, 3*u - 2*w = 1259 + 2009. What are the prime factors of u?
2, 17
Let j = -5 - -27. Suppose -2*m + j = -32. What are the prime factors of m?
3
Let p = 199 - 93. What are the prime factors of p?
2, 53
What are the prime factors of 1*1611*((-102)/18 - -6)?
3